[INFO] cloning repository https://github.com/bluecereal/handle_keys_in_piston
[INFO] running `Command { std: "git" "-c" "credential.helper=" "-c" "credential.helper=/workspace/cargo-home/bin/git-credential-null" "clone" "--bare" "https://github.com/bluecereal/handle_keys_in_piston" "/workspace/cache/git-repos/https%3A%2F%2Fgithub.com%2Fbluecereal%2Fhandle_keys_in_piston", kill_on_drop: false }`
[INFO] [stderr] Cloning into bare repository '/workspace/cache/git-repos/https%3A%2F%2Fgithub.com%2Fbluecereal%2Fhandle_keys_in_piston'...
[INFO] running `Command { std: "git" "rev-parse" "HEAD", kill_on_drop: false }`
[INFO] [stdout] 40e6d3ae4766c9a2b53edb8e7737a0d5207365c6
[INFO] checking bluecereal/handle_keys_in_piston against master#af3c6e733a40e671550e0f0f5aeecaa13772ba56 for pr-74989
[INFO] running `Command { std: "git" "clone" "/workspace/cache/git-repos/https%3A%2F%2Fgithub.com%2Fbluecereal%2Fhandle_keys_in_piston" "/workspace/builds/worker-9/source", kill_on_drop: false }`
[INFO] [stderr] Cloning into '/workspace/builds/worker-9/source'...
[INFO] [stderr] done.
[INFO] validating manifest of git repo https://github.com/bluecereal/handle_keys_in_piston on toolchain af3c6e733a40e671550e0f0f5aeecaa13772ba56
[INFO] running `Command { std: "/workspace/cargo-home/bin/cargo" "+af3c6e733a40e671550e0f0f5aeecaa13772ba56" "read-manifest" "--manifest-path" "Cargo.toml", kill_on_drop: false }`
[INFO] started tweaking git repo https://github.com/bluecereal/handle_keys_in_piston
[INFO] finished tweaking git repo https://github.com/bluecereal/handle_keys_in_piston
[INFO] tweaked toml for git repo https://github.com/bluecereal/handle_keys_in_piston written to /workspace/builds/worker-9/source/Cargo.toml
[INFO] crate git repo https://github.com/bluecereal/handle_keys_in_piston already has a lockfile, it will not be regenerated
[INFO] running `Command { std: "/workspace/cargo-home/bin/cargo" "+af3c6e733a40e671550e0f0f5aeecaa13772ba56" "fetch" "--locked" "--manifest-path" "Cargo.toml", kill_on_drop: false }`
[INFO] [stderr] error: the lock file /workspace/builds/worker-9/source/Cargo.lock needs to be updated but --locked was passed to prevent this
[INFO] [stderr] If you want to try to generate the lock file without accessing the network, use the --offline flag.
[INFO] the lockfile is outdated, regenerating it
[INFO] running `Command { std: "/workspace/cargo-home/bin/cargo" "+af3c6e733a40e671550e0f0f5aeecaa13772ba56" "generate-lockfile" "--manifest-path" "Cargo.toml" "-Zno-index-update", kill_on_drop: false }`
[INFO] [stderr]     Blocking waiting for file lock on package cache
[INFO] running `Command { std: "/workspace/cargo-home/bin/cargo" "+af3c6e733a40e671550e0f0f5aeecaa13772ba56" "fetch" "--locked" "--manifest-path" "Cargo.toml", kill_on_drop: false }`
[INFO] [stderr]     Blocking waiting for file lock on package cache
[INFO] [stderr]     Blocking waiting for file lock on package cache
[INFO] running `Command { std: "docker" "create" "-v" "/var/lib/crater-agent-workspace/builds/worker-9/target:/opt/rustwide/target:rw,Z" "-v" "/var/lib/crater-agent-workspace/builds/worker-9/source:/opt/rustwide/workdir:ro,Z" "-v" "/var/lib/crater-agent-workspace/cargo-home:/opt/rustwide/cargo-home:ro,Z" "-v" "/var/lib/crater-agent-workspace/rustup-home:/opt/rustwide/rustup-home:ro,Z" "-e" "SOURCE_DIR=/opt/rustwide/workdir" "-e" "CARGO_TARGET_DIR=/opt/rustwide/target" "-e" "CARGO_HOME=/opt/rustwide/cargo-home" "-e" "RUSTUP_HOME=/opt/rustwide/rustup-home" "-w" "/opt/rustwide/workdir" "-m" "1610612736" "--user" "0:0" "--network" "none" "rustops/crates-build-env@sha256:d92eaeed33fa75130ca1ee6c8a01d1ffb62bac859dfdfb3450e3e5d1c0146529" "/opt/rustwide/cargo-home/bin/cargo" "+af3c6e733a40e671550e0f0f5aeecaa13772ba56" "metadata" "--no-deps" "--format-version=1", kill_on_drop: false }`
[INFO] [stdout] 0c02a38aaaa035ef3b5a166a87499ee4fe5ae7b25ac7f4671122124100238bac
[INFO] [stderr] WARNING: Your kernel does not support swap limit capabilities or the cgroup is not mounted. Memory limited without swap.
[INFO] running `Command { std: "docker" "start" "-a" "0c02a38aaaa035ef3b5a166a87499ee4fe5ae7b25ac7f4671122124100238bac", kill_on_drop: false }`
[INFO] running `Command { std: "docker" "inspect" "0c02a38aaaa035ef3b5a166a87499ee4fe5ae7b25ac7f4671122124100238bac", kill_on_drop: false }`
[INFO] running `Command { std: "docker" "rm" "-f" "0c02a38aaaa035ef3b5a166a87499ee4fe5ae7b25ac7f4671122124100238bac", kill_on_drop: false }`
[INFO] [stdout] 0c02a38aaaa035ef3b5a166a87499ee4fe5ae7b25ac7f4671122124100238bac
[INFO] running `Command { std: "docker" "create" "-v" "/var/lib/crater-agent-workspace/builds/worker-9/target:/opt/rustwide/target:rw,Z" "-v" "/var/lib/crater-agent-workspace/builds/worker-9/source:/opt/rustwide/workdir:ro,Z" "-v" "/var/lib/crater-agent-workspace/cargo-home:/opt/rustwide/cargo-home:ro,Z" "-v" "/var/lib/crater-agent-workspace/rustup-home:/opt/rustwide/rustup-home:ro,Z" "-e" "SOURCE_DIR=/opt/rustwide/workdir" "-e" "CARGO_TARGET_DIR=/opt/rustwide/target" "-e" "CARGO_INCREMENTAL=0" "-e" "RUST_BACKTRACE=full" "-e" "RUSTFLAGS=--cap-lints=forbid" "-e" "CARGO_HOME=/opt/rustwide/cargo-home" "-e" "RUSTUP_HOME=/opt/rustwide/rustup-home" "-w" "/opt/rustwide/workdir" "-m" "1610612736" "--user" "0:0" "--network" "none" "rustops/crates-build-env@sha256:d92eaeed33fa75130ca1ee6c8a01d1ffb62bac859dfdfb3450e3e5d1c0146529" "/opt/rustwide/cargo-home/bin/cargo" "+af3c6e733a40e671550e0f0f5aeecaa13772ba56" "check" "--frozen" "--all" "--all-targets" "--message-format=json", kill_on_drop: false }`
[INFO] [stdout] 082008731cbb71eccf92bef6cb753dc76043b76168a2dcd7b956cd799d737dc1
[INFO] [stderr] WARNING: Your kernel does not support swap limit capabilities or the cgroup is not mounted. Memory limited without swap.
[INFO] running `Command { std: "docker" "start" "-a" "082008731cbb71eccf92bef6cb753dc76043b76168a2dcd7b956cd799d737dc1", kill_on_drop: false }`
[INFO] [stderr]    Compiling bitflags v1.2.1
[INFO] [stderr]     Checking lazy_static v1.4.0
[INFO] [stderr]    Compiling maybe-uninit v2.0.0
[INFO] [stderr]     Checking scopeguard v1.1.0
[INFO] [stderr]    Compiling semver-parser v0.7.0
[INFO] [stderr]     Checking same-file v1.0.6
[INFO] [stderr]    Compiling num-traits v0.2.12
[INFO] [stderr]    Compiling crossbeam-utils v0.7.2
[INFO] [stderr]    Compiling memoffset v0.5.5
[INFO] [stderr]    Compiling crossbeam-epoch v0.8.2
[INFO] [stderr]    Compiling num-integer v0.1.43
[INFO] [stderr]    Compiling rayon v1.4.0
[INFO] [stderr]    Compiling num-iter v0.1.41
[INFO] [stderr]    Compiling num-rational v0.3.0
[INFO] [stderr]    Compiling x11-dl v2.18.5
[INFO] [stderr]    Compiling log v0.4.11
[INFO] [stderr]    Compiling proc-macro2 v1.0.21
[INFO] [stderr]     Checking libloading v0.6.3
[INFO] [stderr]     Checking num_cpus v1.13.0
[INFO] [stderr]     Checking memmap v0.7.0
[INFO] [stderr]     Checking raw-window-handle v0.3.3
[INFO] [stderr]     Checking shared_library v0.1.9
[INFO] [stderr]     Checking lock_api v0.3.4
[INFO] [stderr]     Checking deflate v0.8.6
[INFO] [stderr]     Checking tiff v0.5.0
[INFO] [stderr]     Checking walkdir v2.3.1
[INFO] [stderr]    Compiling semver v0.9.0
[INFO] [stderr]     Checking dlib v0.4.2
[INFO] [stderr]    Compiling gl_generator v0.14.0
[INFO] [stderr]    Compiling gl_generator v0.10.0
[INFO] [stderr]    Compiling wayland-scanner v0.21.13
[INFO] [stderr]     Checking osmesa-sys v0.1.2
[INFO] [stderr]     Checking wayland-sys v0.21.13
[INFO] [stderr]     Checking smallvec v0.6.13
[INFO] [stderr]     Checking nix v0.14.1
[INFO] [stderr]     Checking draw_state v0.8.0
[INFO] [stderr]    Compiling quote v1.0.7
[INFO] [stderr]    Compiling rustc_version v0.2.3
[INFO] [stderr]     Checking png v0.16.7
[INFO] [stderr]     Checking crossbeam-channel v0.4.4
[INFO] [stderr]    Compiling syn v1.0.40
[INFO] [stderr]    Compiling parking_lot_core v0.6.2
[INFO] [stderr]    Compiling parking_lot v0.9.0
[INFO] [stderr]     Checking gfx_core v0.9.2
[INFO] [stderr]     Checking crossbeam-deque v0.7.3
[INFO] [stderr]     Checking approx v0.3.2
[INFO] [stderr]     Checking ordered-float v1.1.0
[INFO] [stderr]     Checking line_drawing v0.7.0
[INFO] [stderr]     Checking rayon-core v1.8.0
[INFO] [stderr]    Compiling gl v0.11.0
[INFO] [stderr]    Compiling glutin_egl_sys v0.1.5
[INFO] [stderr]    Compiling glutin_glx_sys v0.1.7
[INFO] [stderr]    Compiling gfx_gl v0.6.1
[INFO] [stderr]     Checking rusttype v0.8.3
[INFO] [stderr]     Checking rusttype v0.7.9
[INFO] [stderr]     Checking piston2d-graphics v0.37.0
[INFO] [stderr]     Checking andrew v0.2.1
[INFO] [stderr]    Compiling wayland-client v0.21.13
[INFO] [stderr]    Compiling wayland-protocols v0.21.13
[INFO] [stderr]     Checking wayland-commons v0.21.13
[INFO] [stderr]     Checking gfx v0.18.2
[INFO] [stderr]    Compiling serde_derive v1.0.116
[INFO] [stderr]     Checking jpeg-decoder v0.1.20
[INFO] [stderr]     Checking image v0.23.9
[INFO] [stderr]     Checking gfx_device_gl v0.16.2
[INFO] [stderr]     Checking smithay-client-toolkit v0.4.6
[INFO] [stderr]     Checking pistoncore-input v1.0.0
[INFO] [stderr]     Checking winit v0.19.5
[INFO] [stderr]     Checking piston-gfx_texture v0.41.0
[INFO] [stderr]     Checking piston2d-gfx_graphics v0.70.0
[INFO] [stderr]     Checking pistoncore-window v0.47.0
[INFO] [stderr]     Checking pistoncore-event_loop v0.52.0
[INFO] [stderr]     Checking glutin v0.21.2
[INFO] [stderr]     Checking piston v0.52.0
[INFO] [stderr]     Checking pistoncore-glutin_window v0.66.0
[INFO] [stderr]     Checking piston_window v0.112.0
[INFO] [stderr]     Checking plz_piston_work v0.1.0 (/opt/rustwide/workdir)
[INFO] [stdout] error[E0599]: no method named `opengl` found for struct `piston_window::WindowSettings` in the current scope
[INFO] [stdout]   --> src/main.rs:11:8
[INFO] [stdout]    |
[INFO] [stdout] 11 |       .opengl(OpenGL::V2_1)
[INFO] [stdout]    |        ^^^^^^ method not found in `piston_window::WindowSettings`
[INFO] [stdout] 
[INFO] [stdout] 
[INFO] [stdout] error[E0599]: no variant or associated item named `Render` found for enum `piston_window::Event` in the current scope
[INFO] [stdout]   --> src/main.rs:19:20
[INFO] [stdout]    |
[INFO] [stdout] 19 |             Event::Render(args) => {
[INFO] [stdout]    |                    ^^^^^^ variant or associated item not found in `piston_window::Event`
[INFO] [stdout] 
[INFO] [stdout] 
[INFO] [stdout] error[E0023]: this pattern has 1 field, but the corresponding tuple variant has 2 fields
[INFO] [stdout]    --> src/main.rs:24:13
[INFO] [stdout]     |
[INFO] [stdout] 24  |             Event::Input(input) => {
[INFO] [stdout]     |             ^^^^^^^^^^^^^^^^^^^ expected 2 fields, found 1
[INFO] [stdout]     | 
[INFO] [stdout]    ::: /opt/rustwide/cargo-home/registry/src/github.com-1ecc6299db9ec823/pistoncore-input-1.0.0/src/lib.rs:168:5
[INFO] [stdout]     |
[INFO] [stdout] 168 |     Input(Input, Option<TimeStamp>),
[INFO] [stdout]     |     ------------------------------- tuple variant defined here
[INFO] [stdout] 
[INFO] [stdout] 
[INFO] [stdout] error[E0593]: closure is expected to take 3 arguments, but it takes 2 arguments
[INFO] [stdout]   --> src/main.rs:20:24
[INFO] [stdout]    |
[INFO] [stdout] 20 |                 window.draw_2d(&event, |_context, gfx| {
[INFO] [stdout]    |                        ^^^^^^^         --------------- takes 2 arguments
[INFO] [stdout]    |                        |
[INFO] [stdout]    |                        expected closure that takes 3 arguments
[INFO] [stdout] 
[INFO] [stdout] 
[INFO] [stdout] error[E0599]: no variant or associated item named `Press` found for enum `piston_window::Input` in the current scope
[INFO] [stdout]   --> src/main.rs:26:28
[INFO] [stdout]    |
[INFO] [stdout] 26 |                     Input::Press(ESC) => return,
[INFO] [stdout]    |                            ^^^^^ variant or associated item not found in `piston_window::Input`
[INFO] [stdout] 
[INFO] [stdout] 
[INFO] [stdout] error: aborting due to 5 previous errors
[INFO] [stdout] 
[INFO] [stdout] 
[INFO] [stdout] Some errors have detailed explanations: E0023, E0593, E0599.
[INFO] [stdout] 
[INFO] [stdout] For more information about an error, try `rustc --explain E0023`.
[INFO] [stdout] 
[INFO] [stderr] error: could not compile `plz_piston_work`.
[INFO] [stdout] error[E0599]: no method named `opengl` found for struct `piston_window::WindowSettings` in the current scope
[INFO] [stdout]   --> src/main.rs:11:8
[INFO] [stdout]    |
[INFO] [stdout] 11 |       .opengl(OpenGL::V2_1)
[INFO] [stdout]    |        ^^^^^^ method not found in `piston_window::WindowSettings`
[INFO] [stdout] 
[INFO] [stdout] 
[INFO] [stderr] 
[INFO] [stderr] To learn more, run the command again with --verbose.
[INFO] [stderr] warning: build failed, waiting for other jobs to finish...
[INFO] [stdout] error[E0599]: no variant or associated item named `Render` found for enum `piston_window::Event` in the current scope
[INFO] [stdout]   --> src/main.rs:19:20
[INFO] [stdout]    |
[INFO] [stdout] 19 |             Event::Render(args) => {
[INFO] [stdout]    |                    ^^^^^^ variant or associated item not found in `piston_window::Event`
[INFO] [stdout] 
[INFO] [stdout] 
[INFO] [stdout] error[E0023]: this pattern has 1 field, but the corresponding tuple variant has 2 fields
[INFO] [stdout]    --> src/main.rs:24:13
[INFO] [stdout]     |
[INFO] [stdout] 24  |             Event::Input(input) => {
[INFO] [stdout]     |             ^^^^^^^^^^^^^^^^^^^ expected 2 fields, found 1
[INFO] [stdout]     | 
[INFO] [stdout]    ::: /opt/rustwide/cargo-home/registry/src/github.com-1ecc6299db9ec823/pistoncore-input-1.0.0/src/lib.rs:168:5
[INFO] [stdout]     |
[INFO] [stdout] 168 |     Input(Input, Option<TimeStamp>),
[INFO] [stdout]     |     ------------------------------- tuple variant defined here
[INFO] [stdout] 
[INFO] [stdout] 
[INFO] [stdout] error[E0593]: closure is expected to take 3 arguments, but it takes 2 arguments
[INFO] [stdout]   --> src/main.rs:20:24
[INFO] [stdout]    |
[INFO] [stdout] 20 |                 window.draw_2d(&event, |_context, gfx| {
[INFO] [stdout]    |                        ^^^^^^^         --------------- takes 2 arguments
[INFO] [stdout]    |                        |
[INFO] [stdout]    |                        expected closure that takes 3 arguments
[INFO] [stdout] 
[INFO] [stdout] 
[INFO] [stdout] error[E0599]: no variant or associated item named `Press` found for enum `piston_window::Input` in the current scope
[INFO] [stdout]   --> src/main.rs:26:28
[INFO] [stdout]    |
[INFO] [stdout] 26 |                     Input::Press(ESC) => return,
[INFO] [stdout]    |                            ^^^^^ variant or associated item not found in `piston_window::Input`
[INFO] [stdout] 
[INFO] [stdout] 
[INFO] [stdout] error: aborting due to 5 previous errors
[INFO] [stdout] 
[INFO] [stdout] 
[INFO] [stdout] Some errors have detailed explanations: E0023, E0593, E0599.
[INFO] [stdout] 
[INFO] [stdout] For more information about an error, try `rustc --explain E0023`.
[INFO] [stdout] 
[INFO] [stderr] error: build failed
[INFO] running `Command { std: "docker" "inspect" "082008731cbb71eccf92bef6cb753dc76043b76168a2dcd7b956cd799d737dc1", kill_on_drop: false }`
[INFO] running `Command { std: "docker" "rm" "-f" "082008731cbb71eccf92bef6cb753dc76043b76168a2dcd7b956cd799d737dc1", kill_on_drop: false }`
[INFO] [stdout] 082008731cbb71eccf92bef6cb753dc76043b76168a2dcd7b956cd799d737dc1
